 digit of x?
2
Let b be ((-2)/3)/((-18)/81) + 13. Let f(c) = c**3 - 14*c**2 - 31*c - 2. What is the units digit of f(b)?
4
Let y(x) = -8 - 8 - 6 + 8*x + 9. What is the units digit of y(12)?
3
Suppose -666 = -3*b - 5*g, -g = 4*b + 3*g - 896. Suppose 5 = -2*v + b. What is the tens digit of v?
1
Let v = -70 - -50. Let q = 91 + v. What is the tens digit of q?
7
Let q = -2 - 5. Let d be -2*((-28)/8)/q. Let b = 11 + d. What is the tens digit of b?
1
Let u be (-3 + 6)/(3/(-40)). Let o = u + 58. Suppose -24 - o = -2*b. What is the tens digit of b?
2
Let p(c) = 4*c**2 - 11*c + 15. Let f be p(13). Let i = f - 391. What is the hundreds digit of i?
1
Let n = 2 + 1. Suppose -c - 116 = -n*j, -j + 62 = -4*c - c. Let i = -10 + j. What is the units digit of i?
7
Suppose 2*h + 2*p = 4624, -2933 = 3*h - 3*p - 9875. What is the thousands digit of h?
2
Let n(o) = -186*o + 4 + 187*o + 8*o**2 - 2*o**2. What is the tens digit of n(3)?
6
Let z = -358 + 349. Suppose 2*q - 3*c + 62 = 0, -44 = 2*q - 2*c + 14. Let x = z - q. What is the units digit of x?
6
Suppose 0 = -2*w + 5*w - 255. Let a = w + -68. What is the units digit of a?
7
Suppose 0 = -3*b + 7*b + 2*i - 38, -4*i + 27 = b. Suppose 54 = x - b. What is the units digit of x?
1
Suppose 0*z - z = -5*k - 485, -2*z = -2*k - 954. What is the hundreds digit of z?
4
Suppose 12*k = 16*k - 1732. What is the units digit of k?
3
Suppose 0*y - 3*h = 2*y - 105, 0 = 2*y - 3*h - 123. Suppose 15 = 22*g - 51. Suppose -y = -2*j + g. What is the tens digit of j?
3
What is the tens digit of 4918 + (84/12 - 10/2)?
2
Let m be 9166/10 - (-18)/(-30). Let h be m/44 - 4/(-22). Suppose -n = y - h, -n + 5*y = n - 7. What is the tens digit of n?
1
What is the units digit of ((-789)/(-15) - 1) + (-2)/(-5)?
2
Let y(p) = -p**3 - 9*p**2 + p - 17. Let j be y(-9). Let u = 77 + j. What is the tens digit of u?
5
Let u(g) = -3*g**3 - 8*g**2 + g. Let h be u(-3). Suppose h*b - 268 - 32 = 0. What is the units digit of b?
0
Suppose 16 = 4*k + 4. Let b(d) = 70*d + 2. Let w be b(k). What is the tens digit of (w/8)/((-2)/(-4))?
5
Suppose -9*f + 6*f = -78. Let g = f + -59. Let h = 42 - g. What is the tens digit of h?
7
Let y = 639 + -299. What is the tens digit of y?
4
Let v = 3770 + -1064. What is the thousands digit of v?
2
Let u = 16 + -12. Suppose 0*a + u*a = 12. Suppose -57 = -4*w + a. What is the units digit of w?
5
Let p = 9 + -13. Let x be (4/3)/(p/6). What is the tens digit of 1*x - (-33 - -6)?
2
Suppose -5*q + 1485 = h + h, 4*h = 0. What is the tens digit of q?
9
Suppose -25 = -2*h + 263. Let a = 400 - h. What is the hundreds digit of a?
2
Suppose -15 - 12 = -5*x - n, x = -n + 7. Let r(w) = 2*w**2 + 5. Let b be r(-4). Suppose x = -f + b. What is the units digit of f?
2
Suppose y - 3*i = 13, 2*y - 2 = -3*i + 6. Let p = -1 + y. Suppose b + 2*c + 3*c = -p, -56 = -4*b - 4*c. What is the units digit of b?
9
Suppose 519 + 2834 = 7*j. What is the tens digit of j?
7
Let n = -764 + 1877. What is the units digit of n?
3
Let j = 35 - 35. Suppose 4*w - 347 + 127 = j. What is the tens digit of w?
5
Suppose d - 3*n + 5 = 143, 4*d - 3*n = 579. Let l be ((-22)/(-4))/(1/2). Suppose -14*s = -l*s - d. What is the tens digit of s?
4
Let j be (3 - -1 - 5)*3. Let k = 8 - j. What is the units digit of k?
1
Let b(z) = z**3 + 2*z + 3. Let v be b(-3). Let n be (-5)/(v/9 + 3). Let y = n - -4. What is the tens digit of y?
1
Suppose -2*m + 33 + 11 = 0. Suppose -7*l + 3*l = o - 14, -2*o - 5*l = -m. What is the units digit of o?
6
Suppose 0 = -6*t + 470 + 226. What is the hundreds digit of t?
1
Let a be 18*(12/(-8) - -1). Let g(p) = p + 7. Let y be g(-9). What is the units digit of a/(-6)*y + 4?
1
Let k(a) = a**3 - 10*a**2 + 14*a - 13. Let f be 6/(-9) - (-29)/3. What is the tens digit of k(f)?
3
Let p(x) = 3 - 4 + 5*x + 7*x. Let w be p(-3). What is the tens digit of w/(-2) - (-2)/(-4)?
1
Suppose -5*i + 1550 + 470 = 0. What is the tens digit of i?
0
Let o(v) = v**3 - 5*v**2 - 5*v - 1. Let p be o(6). Let i(r) = 5*r**2 - 6*r - 5. Let f be i(p). Suppose 2*c = 4*c - f. What is the tens digit of c?
4
Suppose p - 5*p + 6 = 2*w, -3*w = -4*p + 31. Let i = 45 + -42. Suppose -2*t = -i*t + p. What is the units digit of t?
4
Let a(m) = 19*m. Let z be a(3). Let o = z - 39. What is the tens digit of o?
1
Suppose -3*x = 5*v - x - 270, 0 = v + 2*x - 46. Suppose 5*i - v - 224 = 0. What is the tens digit of -1 + 2 + -1 + i?
5
Let j = -280 - -94. Let k = -53 - j. What is the tens digit of k?
3
Suppose 4*w - 11*w = 0. Suppose 0 = -w*j - 6*j + 1452. What is the hundreds digit of j?
2
Let o(f) = -33*f + 3615. What is the hundreds digit of o(0)?
6
Let l(b) be the third derivative of -b**7/5040 + 7*b**6/360 - b**5/60 - 3*b**2. Let q(z) be the third derivative of l(z). What is the units digit of q(-11)?
5
Let f = -32 - -29. Let g = f + 7. What is the units digit of g?
4
Suppose 0 = 5*h - 30 - 15. Suppose 0 = 4*b - b - h, 76 = 4*q + 4*b. Suppose -2*j + 32 = -4*u, -2*j - u = -q - 31. What is the units digit of j?
2
Suppose -m + 2*m = 0. What is the tens digit of 66 - (m/5)/1?
6
What is the hundreds digit of (2/(-5))/((-129)/393450)?
2
Suppose -4*s + 2 = -10. Suppose c + 3*c + l - 16 = 0, 12 = s*c + l. What is the units digit of c?
4
What is the tens digit of ((-52)/(-8))/(-13)*-582?
9
Suppose -3*k - c = 2*c - 78, 2*k + 5*c = 43. Suppose 2*g = -0*g + 96. Let r = g - k. What is the tens digit of r?
1
What is the hundreds digit of 6138/10 + (-19)/(-95)?
6
Suppose 947 = -4*l - m - 924, -l - 2*m - 466 = 0. Let k = -279 - l. What is the units digit of k?
9
Let b = 24 + -24. Suppose b*l = -2*l + 58. Suppose l = r - 14. What is the tens digit of r?
4
Let m = -45 + 27. Let i = -9 - m. What is the units digit of i?
9
Let f(j) = -5*j - 1. Let p be f(-1). Suppose 3 = i - 4*i - p*c, 3*c + 1 = -i. What is the tens digit of 3*(i - 26/(-3))?
2
Let a = 307 + -188. What is the units digit of a?
9
Let k(a) = a**3 + 14*a**2 + 24*a + 18. Let l be k(-12). Suppose 0 = u - 4*u - 6, w - 2*u = 0. Let f = w + l. What is the units digit of f?
4
Suppose 43*j - 22*j - 6657 = 0. What is the units digit of j?
7
Let j be 1*2 - (18 + -3). Let t(l) = 14*l**2 + l**3 + 19*l + 2*l - 4 - 2*l - 7*l. What is the units digit of t(j)?
9
Let h(t) = t**3 + 10*t**2 - 8*t - 10. Let g be h(-8). Let y = g + 12. What is the hundreds digit of y?
1
What is the hundreds digit of 3*49/(-21)*-21?
1
Suppose 1340 = 14*p - 3140. What is the tens digit of p?
2
What is the hundreds digit of (1 + 1)/(4/582)?
2
Let t = -59 - -59. Suppose 2*h + 5*o - 8 - 73 = t, -4*h - 5*o + 157 = 0. What is the tens digit of h?
3
Suppose -6841 = -5*h + 2*q - 381, -3*h = 2*q - 3860. What is the tens digit of h?
9
Let u(v) = -v**2 + 14*v - 3. Let h = 6 + -4. Suppose 0 = -h*s + 4*s - 24. What is the units digit of u(s)?
1
Suppose -m - 1117 = -5*m + i, 2*m - 545 = 5*i. Suppose -5*y - m = -885. What is the units digit of y?
1
Let a(l) = l**2 - 3*l**2 - l**2 - 2*l - l**3. Let z be a(-2). What is the tens digit of (-69)/(-3) - (z + 2)?
2
Suppose 1134 + 1108 = 2*d. What is the hundreds digit of d?
1
Suppose -4*f = 3*p - 0*p - 22, -5*p - 2*f + 18 = 0. Let h(a) = 0*a**2 - 1 + 5*a**p + 7*a**2. What is the tens digit of h(1)?
1
Let p = -1 + 9. Let x(w) = -w**2 + 15*w - 3. Let u be x(p). Suppose 2*q = 2*n + 76, 5*q + u - 242 = 4*n. What is the tens digit of q?
3
Let d = 64 - 65. What is the units digit of 81 + (d - (-4 + 2))?
2
Let c(a) = a**3 + 10*a**2 - 13*a - 16. Let m = 28 + -39. Let k be c(m). Suppose -b = k - 23. What is the tens digit of b?
1
Let s be 6/3 + 1 + -6. Let x(q) = -q**3 - 3*q**2 - 2*q - 4. Let n be x(s). Suppose -i + 2 = 0, 104 = c + 3*c + n*i. What is the tens digit of c?
2
Suppose 0 = -22*s + 5201 + 5535. What is the tens digit of s?
8
Suppose 5*j = -3*m + 2080, 11*m = 15*m - 3*j - 2812. What is the tens digit of m?
0
Suppose 0 = 98*u - 49*u - 130683. What is the hundreds digit of u?
6
Suppose 6*x + 3*b = 10*x - 6817, 4*x + b - 6805 = 0. What is the units digit of x?
2
Suppose 2*b + 76 = l - 278, 0 = -l - 5*b + 361. What is the hundreds digit of l?
3
Let m(s) = 15*s - 20. What is the tens digit of m(2)?
1
Let t = 1115 + -729. Let v = -216 + t. What is the hundreds digit of v?
1
Let m = -15 - -16. Let q be m + -2 - (-3)/3. Suppose a = -q*a + 36. What is the tens digit of a?